 = -90 + 93. Suppose -n + 246 = 5*f + n, 4*f - 194 = -j*n. Let o be (120/f)/(6/50). What is the greatest common divisor of 4 and o?
4
Suppose 0 = 6*g + 9*g - 60. Let j be -7*(-6)/g*40/12. What is the greatest common factor of j and 70?
35
Let z = 6668 + -5495. Calculate the highest common divisor of z and 408.
51
Suppose 2*a = -96 + 1450. Suppose -a + 517 = -10*x. What is the greatest common divisor of x and 256?
16
Suppose 0 = -67*g + 260*g + 235*g - 159216. Calculate the greatest common divisor of g and 18.
6
Suppose 177 = 13*y + 73. What is the highest common divisor of 904 and y?
8
Let k be 1160/50 - (-8)/10. Let r = k + -15. Suppose -2*w - 3*x = 0, 2*w + 7*x + 4 = 2*x. What is the highest common divisor of w and r?
3
Suppose 3*v - 49*f = -50*f + 1856, 2*f - 1236 = -2*v. Let z = v + -367. Calculate the highest common factor of z and 84.
84
Let h be (6 - 0)*(-1)/3. Let d be (-290)/(-8) - h/(-8). Let l(q) = q**2 - 12*q + 9. Let p be l(12). Calculate the highest common divisor of d and p.
9
Let g be 26*((-2)/1)/((-4)/6). Let s be (g/(-4) + -4)/(4/(-112)). Calculate the greatest common divisor of s and 14.
14
Let a = 543 - 531. Let s be 4/(-8) - (-554)/4. Calculate the greatest common divisor of a and s.
6
Let i(z) = z**3 + 38*z**2 + 194*z + 95. Let c be i(-32). Let k(g) = 100*g**2 - 2*g - 1. Let p be k(-2). What is the greatest common divisor of p and c?
31
Suppose -l - 2*l = -42. Suppose 5*x - 2454 = -8*i, 4*i - 31872 + 30904 = -2*x. What is the highest common divisor of x and l?
14
Suppose 5*c + 4*q - 6*q - 620 = 0, -5*c - 3*q + 595 = 0. Let h = 250 - c. What is the greatest common factor of 48 and h?
16
Suppose -42*r - 290 - 298 = 0. Let h = r + 119. What is the highest common factor of h and 21?
21
Suppose -26*s - 1902 = -1920 - 10642. What is the greatest common factor of 984 and s?
82
Suppose -4*q + 10488 + 3816 = -4*o, 2*o = -2*q + 7148. Calculate the highest common factor of q and 26.
13
Let m(c) = -c**3 + 69*c**2 + 85*c - 550. Let q be m(70). What is the greatest common divisor of q and 2700?
100
Suppose -4*k - 12 = 0, 0 = -5*j - 5*k + 3940 - 330. Suppose -175 = -36*l + j. What is the greatest common divisor of l and 275?
25
Suppose -12 - 176 = 4*m. Let q = 45 + m. Let w be (9 - -9) + (q - 2). What is the greatest common factor of w and 14?
14
Suppose -11*c = 4*c - 8550. Let x be (-3 + 5)/(-1 + 582/c). Calculate the highest common divisor of x and 57.
19
Let o(j) = j**3 + 13*j**2 + 34*j + 58. Let p be o(-8). Let u = p + -92. What is the highest common factor of u and 91?
7
Let a be (32/(-64))/(7/(-1512)). What is the highest common divisor of 621 and a?
27
Let r = -246 + 80. Let y = r + 183. Let h(i) = -i**3 - i**2 + 7*i - 2. Let z be h(-6). Calculate the highest common factor of z and y.
17
Suppose z - 2 = 3*x, -z - 5*x = -4*z + 6. Suppose -o - 10 = -i + 2, 0 = i - z*o - 10. Let c = -12 + i. What is the highest common factor of c and 4?
2
Suppose -i - z + 64 = 0, -i + 5*z = -4*i + 190. What is the greatest common divisor of i and 90?
5
Let j(u) be the third derivative of -u**4/24 + 4*u**3/3 - 4*u**2. Let o be j(7). Let y be o/4 - 307/(-4). Calculate the highest common factor of 7 and y.
7
Let m = -1 - 12. Let z be (-1558)/m + (-4)/(-26). Suppose 4*g = 5*g - z. What is the highest common factor of 48 and g?
24
Suppose 3*z = -2*z - 5, 424 = 2*j + 2*z. Let w = j + -125. What is the greatest common factor of w and 55?
11
Let p(y) = -2*y**3 + 20*y**2 + 8*y - 34. Let a be p(10). Let s be (-50)/(-6)*(0 - -3). Suppose -26*r = -s*r - 92. What is the greatest common factor of r and a?
46
Let l(u) = u**3 + u + 1. Let s(y) = 2*y**3 + 9*y**2 - 45*y - 36. Let b(j) = l(j) - s(j). Let i be b(-15). What is the greatest common divisor of i and 17?
17
Let c be ((-4)/(-6))/((-14)/(-63)). Suppose c - 1 = 2*q. Let s be ((-9)/4 - q)*(33 + -37). Calculate the greatest common divisor of s and 13.
13
Suppose -6*p - 5*p - 2398 = 0. Let b = p + 244. What is the highest common divisor of 52 and b?
26
Suppose 5*s + 5*i - 8695 = 0, -5*s + 685 + 8017 = -2*i. What is the greatest common factor of 180 and s?
60
Let h(u) = u**2 - 5*u - 79. Let n be h(23). Suppose 4*t + l = n, 4*l = -0*t - 3*t + 248. What is the greatest common factor of 48 and t?
12
Let m(i) = -11*i + 101 - 34 - 5*i - 51. Let w be m(-2). What is the greatest common divisor of w and 64?
16
Let f(j) = -243*j - 477. Let i be f(-2). Let y = 11 - 5. Calculate the greatest common divisor of y and i.
3
Let m = 7368 + -4304. What is the highest common divisor of m and 24?
8
Let y(x) = -2*x**3 - 22*x**2 + 11*x - 36. Let t be y(-15). What is the highest common factor of 117 and t?
39
Let c be 112 - ((3 - -5) + -2). Suppose 0 = 19*l - c - 293. What is the greatest common factor of 3 and l?
3
Let a(i) = -i**3 + 197*i**2 + 389*i + 1955. Let d be a(199). Let u be (-4)/18 - 371/(-9). Calculate the greatest common divisor of d and u.
41
Suppose 2*f + 1 = -c, 3*f = -5*c + 2 + 14. Suppose 8*w - 9*w = -c. Suppose 0 = -3*v + 206 - 41. What is the greatest common divisor of w and v?
5
Let v be (7/(-3))/(791/(-12204)). Suppose -5*t - 3*p = -355, -2*t = 6*p - 3*p - 142. Let j = t - v. Calculate the highest common divisor of j and 7.
7
Let c = 36 - 33. Let q(s) = 13*s**c - 25*s**3 + 11*s**3 - 7 + 0 - 9*s**2 - 16*s. Let l be q(-7). What is the highest common factor of l and 28?
7
Let c(o) = o**3 - 16*o**2 - 21*o - 385. Let s be c(19). Let y be -1 + 1 + -1 + 24. What is the greatest common factor of s and y?
23
Let b = 29986 + -29959. Let v be (-9)/(2*2/(-8)). Calculate the highest common divisor of b and v.
9
Suppose 14*z + 17*z - 2016 = 17*z. Calculate the highest common divisor of z and 5376.
48
Let p = -167 + -23. Let j = 206 + p. What is the greatest common divisor of 400 and j?
16
Suppose 8*n = 22*n - 42. Suppose n*y - 3 = 12, -2*y = -2*x + 20. Calculate the highest common factor of x and 40.
5
Let x = 133258 - 133238. Let o be -2 - -2 - -2 - -258. Calculate the greatest common divisor of o and x.
20
Let f = -156 + 235. Suppose 0 = -2*y + 9 + f. Let x be 21 - (0 - (-3)/(-3)). Calculate the greatest common factor of x and y.
22
Let h = -11983 + 32972. Calculate the greatest common divisor of h and 139.
139
Let j be ((-5)/((-75)/(-1355)))/(2/(-6)). Suppose 12*d - 2729 - j = 0. What is the greatest common factor of 10 and d?
10
Let m(l) = -2*l**3 + 3*l**2 + l - 2. Let b be m(-2). Suppose -3 = -50*i + 247. Suppose -i*f + 6*f = b. Calculate the highest common divisor of 48 and f.
24
Suppose 0 = -12*v - u + 6837 + 1473, -v + 5*u = -723. What is the greatest common factor of 902 and v?
11
Let u be 59562/5 + (644/115 - 6). What is the highest common divisor of 8 and u?
8
Suppose -225 + 33 = 8*v. Let u = v - -222. What is the greatest common divisor of u and 54?
18
Let v(r) be the first derivative of -r**4/4 + 7*r + 21. Let m be v(3). Let w be m/(-10) + 41*2. Calculate the highest common divisor of 21 and w.
21
Suppose -118*v + 2915 = -65*v. Calculate the greatest common factor of 11 and v.
11
Suppose 5*s = 10*s + 130. Let y = -3 - s. Suppose 5*b - 3*p - y = 38, 9 = b + p. What is the greatest common factor of 11 and b?
11
Let f = -182 + 355. Let i = 309 - f. What is the highest common factor of i and 68?
68
Suppose 4*u + 2*q = 114, 0 = 3*u + 19*q - 21*q - 61. What is the highest common factor of 45 and u?
5
Let y be (1425/(-133))/(2/(-42)). What is the highest common factor of y and 50?
25
Suppose 37*n + 1807 = 7727. Calculate the highest common divisor of 9120 and n.
160
Suppose -1392*g = -1407*g + 1020. Calculate the highest common factor of 731 and g.
17
Let r(q) = q + 27. Let j be r(6). What is the highest common factor of j and 162?
3
Let x = -1874 + 1937. Calculate the highest common divisor of 234 and x.
9
Suppose 56*x - 256 = 48*x. Suppose 0 = 71*p - 66*p + f - 215, 2*f = p - x. What is the highest common divisor of p and 238?
14
Let l(y) = -102*y + 922. Let z be l(9). Suppose -s + 5 = -11. Calculate the greatest common divisor of z and s.
4
Let r be (-54)/(-189) + (108/7)/2. Let q(h) = -h**3 + 9*h**2 - 6*h - 10. Let y be q(r). Calculate the greatest common divisor of y and 4.
2
Let n = 15 - 25. Let d be -1 - (2/(-5) + 1106/n). Suppose -8*k + d = -42. Calculate the greatest common divisor of k and 38.
19
Suppose 19